b(-26). Suppose 3*q = c*q - y. What is the units digit of q?
8
Suppose -2*c + 1 = -j + 10, j + 4*c = 21. Suppose 9*h + 176 = j*h. What is the units digit of h?
4
Let p(s) = 3*s + 19. Let u be p(-6). Suppose -u = -h + 108. What is the hundreds digit of h?
1
Let y(v) = v - 4. Let l be y(6). Suppose 0 = -6*n + l*n + 288. What is the tens digit of n?
7
Let t(m) = 28*m - 12. Suppose 4*o = 4*x - 8*x + 4, 10 = 2*o - 2*x. What is the units digit of t(o)?
2
Suppose -625*x - 15488 = -636*x. What is the hundreds digit of x?
4
Let n = -22 + 23. What is the tens digit of 4/(4*n/20)?
2
Suppose 5*u - 5*f = -605, -3*u - 4*f + 29 - 357 = 0. Let i = -70 - u. What is the units digit of i?
6
Let y(a) be the second derivative of 19*a**3/6 - 13*a**2 + a. Let n(r) = 9*r - 13. Let k(b) = -13*n(b) + 6*y(b). What is the units digit of k(-7)?
4
Let x = -720 + 1220. What is the tens digit of x?
0
Let g(w) = 66*w**2 - 16*w - 166. What is the hundreds digit of g(-7)?
1
Suppose -4*a + 93 + 111 = 0. Let j = a + -47. What is the units digit of j?
4
Suppose -4*v = 9 + 15. Let j be (-2)/v + 44/12. What is the tens digit of (8/(-12))/(j/(-66))?
1
Let i(t) = t + 3. Let n be i(-6). Let l be n/(16/12 - 1). Let p = l - -16. What is the units digit of p?
7
What is the units digit of (-559 - 29)*15/(-6)?
0
Let x(q) = q**2 - 2*q - 4. Let p be x(6). Suppose -2*u + p = -106. What is the tens digit of u?
6
Let n = 5 + 99. Suppose -9*w + 586 = -62. Let q = n - w. What is the tens digit of q?
3
Suppose 4*r - 100 = 2*v - 30, 3*v + 5 = r. Let j = 78 - r. What is the units digit of j?
8
Let z(b) = b**2 - 8*b - 1. Suppose -j + 3*l = -20, 0 = 3*j - 2*l - 3*l - 44. Let c be z(j). Let a = 2 + c. What is the units digit of a?
1
Let v(u) = -3*u**3 + 62*u**2 + 24*u - 38. What is the tens digit of v(20)?
4
Suppose 3*h - 16 = 5*h. Let v be (-2)/(-9) + h/36. Suppose -4*o + 12 + 0 = v. What is the units digit of o?
3
Suppose 0 = -4*k + 3*r + 39, 5*k - 5*r - 10 = 35. Let a = k + -12. Suppose -4*n + 63 = -2*f + f, 5*n - 3*f - 70 = a. What is the tens digit of n?
1
Let h = 60 + -56. Let n(b) = 5*b - 4. What is the units digit of n(h)?
6
What is the units digit of (-12 - -2) + 9 - -2098?
7
Let z(k) = -545*k**3 + 13*k**2 + 16*k + 2. What is the hundreds digit of z(-1)?
5
Let z be 4/(-3) - 1698/(-18). Suppose -z = 45*r - 48*r. What is the tens digit of r?
3
Suppose g = 3*g - 900. Let a = g - 244. What is the tens digit of a?
0
Let j(i) = -7*i**3 - 37*i**2 - 60*i - 1. What is the thousands digit of j(-9)?
2
Let n = 12 - 10. Let j = 6 - n. Suppose 3*q - j*q = -31. What is the units digit of q?
1
What is the units digit of (5 + -6)/((-18540)/(-4636) - 4)?
9
Let l be (6 + -3)*(-1 - 0). Let d be (11 - 2) + 3/l. Suppose 4*k + 2*j + d - 36 = 0, -4*k + 2*j + 20 = 0. What is the units digit of k?
6
Let m = 984 + -173. What is the hundreds digit of m?
8
Let t(y) = 4*y + 2. Let q be t(-2). What is the tens digit of (2/q)/((-11)/2706)?
8
Let m = 103 + -99. Suppose 418 + 154 = m*q. What is the tens digit of q?
4
Let k(z) = z**3 + 6*z**2 + 3*z - 7. Let i be k(-5). Suppose 24 + 243 = i*c. What is the tens digit of c?
8
Let q = -205 + 642. What is the hundreds digit of q?
4
Suppose 0*f = -2*f + h + 22, 5 = f - 2*h. Suppose 2*a = -s + 11, -f = -2*s - 0*a + 5*a. Suppose c - s = 8. What is the units digit of c?
7
Let g = -16 + 1. Let h(t) = t**2 + 5*t + 17. Let u be h(-5). Let o = u + g. What is the units digit of o?
2
Let p = 528 - -705. What is the tens digit of p?
3
Let h = -33 + 606. What is the tens digit of h?
7
Let q(x) = -87*x**2 + 87*x**2 + x**3 - 2*x**3 + 66. Let w be q(0). Suppose -5*z + 2*c = -109, -2*z + w = z - c. What is the units digit of z?
3
Suppose -2*t - 2*g - 4 = -6*g, 4*t + 3*g - 3 = 0. Let b be (-35 + 2)*(t + -1). Let x = -3 + b. What is the units digit of x?
0
Let g be 2/(-7) + 214/14. Suppose -2 = 16*j - 34. What is the tens digit of g - (j - -7)/3?
1
Let a = 196 - 88. Suppose -2*b = -86 - a. What is the tens digit of b?
9
Let z = -11 - -65. What is the tens digit of z/10*(-11 - -16)?
2
Let x = -96 - -94. What is the units digit of (-1 + 191)/(-5)*x?
6
Suppose 5*k - 3*g = 2508, 2*k + 542 - 1570 = -5*g. Let w = -351 + k. What is the tens digit of w?
5
Suppose 0 = -3*c + 12*c + 4*c. Let y = 25 + -12. Let d = y - c. What is the tens digit of d?
1
Let g(l) = l + 13. Let j be g(-7). Let n be -2 + 64 - (j + -4). Suppose -n = q - 3*q. What is the tens digit of q?
3
Suppose -5*r = 2*f - 635, 12*r - f + 508 = 16*r. What is the hundreds digit of r?
1
Suppose 2*n - 375 = 5*q, -157 - 218 = 5*q - 5*n. What is the units digit of ((-1305)/q)/(1/5)?
7
Let r(v) be the first derivative of -v**4/4 - 2*v**3 + 13*v**2/2 + 17*v + 8. What is the tens digit of r(-8)?
4
Let z = 73 + -73. Suppose -28*y + 31*y - 240 = z. What is the units digit of y?
0
Let t(v) = 85*v**2 - 86*v**2 + 10*v**3 - 4 + 4. What is the units digit of t(2)?
6
What is the units digit of ((-689)/(-39) - 15)*1011/4?
4
Suppose 9*j = 2*j + 2485. What is the hundreds digit of j?
3
Let a be (-2)/((-7)/(-378)*(-4)/18). Suppose 1131 + a = 11*z. What is the hundreds digit of z?
1
Suppose -3 = z - 2*a - 0*a, 4*a = 4*z. Let y(b) = -b**2 - z - 2*b + 4*b**2 - 2 + 3. What is the units digit of y(-2)?
4
Let m(p) = -p**3 + 39*p**2 - 21*p + 93. What is the hundreds digit of m(16)?
6
Let i(x) = -136*x - 4. Let b be i(-3). Suppose -4*c + 3*p = -b, -5*p = c - 0*p - 101. What is the hundreds digit of c?
1
Let m be 788/3*3/2. Suppose 2*b = -5*u + 322, 100 = -2*b + 2*u + m. What is the units digit of b?
1
Suppose 0*r - 2*r + 1370 = w, -4*r + 2734 = 5*w. Suppose -5*y = -4*x - r, 8 = -10*x + 8*x. What is the units digit of y?
4
Let o(d) = d**3 + 8*d**2 + 2*d + 154. What is the tens digit of o(0)?
5
Let x(a) = 2*a**3 - 2*a**2 - a - 2. Let w be (-9)/(-1)*(-17)/17. Let l be (w/(-1))/(1 - -2). What is the tens digit of x(l)?
3
Let t be (-3)/(-1 - 0) - 3. Suppose -25*g + 22*g + 108 = t. What is the tens digit of g?
3
Let u(s) = -s**3 - 10*s**2 - 10*s - 6. Let i be u(-9). Suppose 0*x = i*x. Suppose 4*z - 3*n - 93 = x, 0*n = 2*n + 6. What is the tens digit of z?
2
Suppose 7350 = 17*l - 3*l. What is the hundreds digit of l?
5
Let p(c) = 9 + 4359*c**3 + 0 - 4360*c**3 + c + 8*c**2 + 5*c. What is the tens digit of p(7)?
0
Suppose 0*h = 5*h - 295. Let t(f) = -4*f**3 + f**2 + f + 2. Let q be t(2). Let u = q + h. What is the units digit of u?
5
Let j = 336 - -80. What is the units digit of j?
6
Let l(k) = k**2 + 2*k - 12. Let n be l(-5). Suppose n*f = f + 70. What is the units digit of f?
5
Let p = 76 - 40. What is the tens digit of (-2*9/12)/((-2)/p)?
2
Let o(b) = 19*b**2 + 3*b + 13. What is the tens digit of o(-6)?
7
Let u(d) = d**3 - d**2 + d - 1. Let y(j) = 5*j**3 - 12*j**2 + j - 11. Let i(s) = 6*u(s) - y(s). What is the units digit of i(-5)?
5
Suppose -4*b - b = -425. Let w = b + -48. What is the units digit of w?
7
Let f(s) = s**2 - 7*s - 5. Let i be f(8). Suppose 0 = -i*w + 8*q - 7*q + 293, 197 = 2*w - q. What is the tens digit of w?
9
Suppose -5*d + 10 = -10*d. What is the units digit of ((-6)/(-4))/((d/(-2))/6)?
9
Suppose -505 = -2*o + 1001. What is the units digit of o?
3
Suppose 40*y = 34*y + 36. Suppose 335 = -y*a + 1031. What is the hundreds digit of a?
1
Let t(m) = 2*m**2 - 5*m + 6. Let j be t(3). Let w(h) = h + 13. Let c be w(j). Let k = 74 - c. What is the units digit of k?
2
Let g be (1*-4)/(-4) - -14. Suppose 3*v - g - 3 = 0. Suppose v*t - 5 = t. What is the units digit of t?
1
Let c(i) = -i**3 + 2*i**2 - i. What is the tens digit of c(-2)?
1
Suppose 2*g - 3*n = 128, -5*g - 4*n = -2*n - 358. Suppose -2*t + g + 174 = 0. What is the tens digit of t?
2
Let u(m) be the third derivative of 41*m**6/120 + m**5/60 - m**4/24 - m**3/6 - 12*m**2. What is the units digit of u(1)?
0
Let z be (-12)/18*(-6)/4. Let y = 4 - z. Suppose -y*v - 64 = -2*u - 8*v, 2*v - 128 = -4*u. What is the tens digit of u?
3
Let r = -66 + 96. What is the units digit of 5/(r/12) - -8?
0
Suppose 4*v - 41 + 57 = 0. Let g = v + 49. What is the units digit of g?
5
Let l(i) be the second derivative of i**5/20 + i**4/12 + 2*i**2 + 4*i. Let q be l(-2). Suppose q = 3*x + 12, -85 = -3*v + x - 0*x. What is the tens digit of v?
2
Suppose 2*a + 12936 = -5*a. What is the units digit of (4 - a/(-18))/(4/(-6))?
8
Let r(k) =